{"id":428,"date":"2021-01-27T03:25:53","date_gmt":"2021-01-27T03:25:53","guid":{"rendered":"https:\/\/convergenciasocialrm.cl\/sitio\/?page_id=428"},"modified":"2021-01-27T03:25:53","modified_gmt":"2021-01-27T03:25:53","slug":"rociolopez","status":"publish","type":"page","link":"https:\/\/convergenciasocialrm.cl\/sitio\/rociolopez\/","title":{"rendered":"Roc\u00edo L\u00f3pez &#8211; Concejala Padre Hurtado"},"content":{"rendered":"<p><img data-recalc-dims=\"1\" decoding=\"async\" class=\"aligncenter wp-image-288 lazyload\" data-src=\"https:\/\/i0.wp.com\/convergenciasocialrm.cl\/sitio\/wp-content\/uploads\/2021\/01\/cs_cand_rocio-lopez_concejales_padre-hurtado_logo.png?resize=639%2C426&#038;ssl=1\" alt=\"\" width=\"639\" height=\"426\" data-srcset=\"https:\/\/i0.wp.com\/convergenciasocialrm.cl\/sitio\/wp-content\/uploads\/2021\/01\/cs_cand_rocio-lopez_concejales_padre-hurtado_logo.png?resize=300%2C200&amp;ssl=1 300w, https:\/\/i0.wp.com\/convergenciasocialrm.cl\/sitio\/wp-content\/uploads\/2021\/01\/cs_cand_rocio-lopez_concejales_padre-hurtado_logo.png?resize=1024%2C682&amp;ssl=1 1024w, https:\/\/i0.wp.com\/convergenciasocialrm.cl\/sitio\/wp-content\/uploads\/2021\/01\/cs_cand_rocio-lopez_concejales_padre-hurtado_logo.png?resize=768%2C512&amp;ssl=1 768w, https:\/\/i0.wp.com\/convergenciasocialrm.cl\/sitio\/wp-content\/uploads\/2021\/01\/cs_cand_rocio-lopez_concejales_padre-hurtado_logo.png?resize=750%2C500&amp;ssl=1 750w, https:\/\/i0.wp.com\/convergenciasocialrm.cl\/sitio\/wp-content\/uploads\/2021\/01\/cs_cand_rocio-lopez_concejales_padre-hurtado_logo.png?w=1211&amp;ssl=1 1211w\" data-sizes=\"auto, (max-width: 639px) 100vw, 639px\" src=\"data:image\/svg+xml;base64,PHN2ZyB3aWR0aD0iMSIgaGVpZ2h0PSIxIiB4bWxucz0iaHR0cDovL3d3dy53My5vcmcvMjAwMC9zdmciPjwvc3ZnPg==\" style=\"--smush-placeholder-width: 639px; --smush-placeholder-aspect-ratio: 639\/426;\" \/><\/p>\n<table style=\"border-collapse: collapse;width: 100%;height: 126px\">\n<tbody>\n<tr style=\"height: 21px\">\n<td style=\"width: 17.5294%;height: 21px\">Nombre<\/td>\n<td style=\"width: 82.4706%;height: 21px\">Roc\u00edo L\u00f3pez C\u00e9spedes<\/td>\n<\/tr>\n<tr style=\"height: 21px\">\n<td style=\"width: 17.5294%;height: 21px\">Edad<\/td>\n<td style=\"width: 82.4706%;height: 21px\">28 a\u00f1os<\/td>\n<\/tr>\n<tr style=\"height: 21px\">\n<td style=\"width: 17.5294%;height: 21px\">Comuna<\/td>\n<td style=\"width: 82.4706%;height: 21px\">Padre Hurtado<\/td>\n<\/tr>\n<tr style=\"height: 21px\">\n<td style=\"width: 17.5294%;height: 21px\">Distrito<\/td>\n<td style=\"width: 82.4706%;height: 21px\">14<\/td>\n<\/tr>\n<tr style=\"height: 21px\">\n<td style=\"width: 17.5294%;height: 21px\">Cargo a postular<\/td>\n<td style=\"width: 82.4706%;height: 21px\">Concejala<\/td>\n<\/tr>\n<tr style=\"height: 21px\">\n<td style=\"width: 17.5294%;height: 21px\">Profesi\u00f3n u ocupaci\u00f3n<\/td>\n<td style=\"width: 82.4706%;height: 21px\">Ingeniera<\/td>\n<\/tr>\n<tr>\n<td style=\"width: 17.5294%\">Ejes de Campa\u00f1a<\/td>\n<td style=\"width: 82.4706%\">PARTICIPACI\u00d3N CIUDADANA, TRANSPARENCIA, DESARROLLO COMUNAL<\/td>\n<\/tr>\n<\/tbody>\n<\/table>\n<div dir=\"auto\"><\/div>\n<div dir=\"auto\"><\/div>\n<div dir=\"auto\">\n<table style=\"height: 30px;width: 100%;border-collapse: collapse\">\n<tbody>\n<tr style=\"background-color: #00ffff\">\n<td style=\"width: 3.1111%;text-align: center\"><\/td>\n<td style=\"width: 8.2876%;text-align: center\"><a href=\"https:\/\/www.instagram.com\/rociolopez_concejalaph\" target=\"_blank\" rel=\"noopener\"><img data-recalc-dims=\"1\" decoding=\"async\" class=\"alignnone wp-image-298 lazyload\" data-src=\"https:\/\/i0.wp.com\/convergenciasocialrm.cl\/sitio\/wp-content\/uploads\/2021\/01\/logo_instagram_transp-negro.png?resize=25%2C25&#038;ssl=1\" alt=\"\" width=\"25\" height=\"25\" data-srcset=\"https:\/\/i0.wp.com\/convergenciasocialrm.cl\/sitio\/wp-content\/uploads\/2021\/01\/logo_instagram_transp-negro.png?resize=73%2C73&amp;ssl=1 73w, https:\/\/i0.wp.com\/convergenciasocialrm.cl\/sitio\/wp-content\/uploads\/2021\/01\/logo_instagram_transp-negro.png?w=128&amp;ssl=1 128w\" data-sizes=\"auto, (max-width: 25px) 100vw, 25px\" src=\"data:image\/svg+xml;base64,PHN2ZyB3aWR0aD0iMSIgaGVpZ2h0PSIxIiB4bWxucz0iaHR0cDovL3d3dy53My5vcmcvMjAwMC9zdmciPjwvc3ZnPg==\" style=\"--smush-placeholder-width: 25px; --smush-placeholder-aspect-ratio: 25\/25;\" \/><\/a><\/td>\n<td style=\"width: 3.42487%;text-align: center\"><\/td>\n<td style=\"width: 9.15041%;text-align: center\"><a href=\"https:\/\/twitter.com\/rociolopez_ph\" target=\"_blank\" rel=\"noopener\"><img data-recalc-dims=\"1\" decoding=\"async\" class=\"alignnone wp-image-299 lazyload\" data-src=\"https:\/\/i0.wp.com\/convergenciasocialrm.cl\/sitio\/wp-content\/uploads\/2021\/01\/logo_twitter_transp-negro.png?resize=25%2C25&#038;ssl=1\" alt=\"\" width=\"25\" height=\"25\" data-srcset=\"https:\/\/i0.wp.com\/convergenciasocialrm.cl\/sitio\/wp-content\/uploads\/2021\/01\/logo_twitter_transp-negro.png?w=128&amp;ssl=1 128w, https:\/\/i0.wp.com\/convergenciasocialrm.cl\/sitio\/wp-content\/uploads\/2021\/01\/logo_twitter_transp-negro.png?resize=73%2C73&amp;ssl=1 73w\" data-sizes=\"auto, (max-width: 25px) 100vw, 25px\" src=\"data:image\/svg+xml;base64,PHN2ZyB3aWR0aD0iMSIgaGVpZ2h0PSIxIiB4bWxucz0iaHR0cDovL3d3dy53My5vcmcvMjAwMC9zdmciPjwvc3ZnPg==\" style=\"--smush-placeholder-width: 25px; --smush-placeholder-aspect-ratio: 25\/25;\" \/><\/a><\/td>\n<td style=\"width: 3.66009%;text-align: center\"><\/td>\n<td style=\"width: 9.30721%;text-align: center\"><\/td>\n<td style=\"width: 2.64052%;text-align: center\"><\/td>\n<td style=\"width: 8.05224%;text-align: center\"><\/td>\n<td style=\"width: 52.366%;text-align: center\"><\/td>\n<\/tr>\n<\/tbody>\n<\/table>\n<div dir=\"auto\"><\/div>\n<div dir=\"auto\">Soy Roc\u00edo L\u00f3pez C\u00e9spedes, tengo 28 a\u00f1os y soy mam\u00e1 de una incre\u00edble hija de 12.<\/div>\n<\/div>\n<p dir=\"auto\">Conozco Padre Hurtado desde muy peque\u00f1a porque ha sido el hogar de mis familiares y luego de tambi\u00e9n vivir a\u00f1os en la comuna, con mi pareja decidimos establecernos definitivamente y compramos una casa para vivir los tres junto con nuestro perrito.<\/p>\n<p class=\"p1\">Fui mam\u00e1 adolescente, pero con el apoyo y el esfuerzo de mi mam\u00e1 y pap\u00e1, termin\u00e9 la ense\u00f1anza media en el Liceo N\u00ba7 de Providencia y entr\u00e9 a estudiar Ingenier\u00eda Civil Industrial. Cuando cursaba los \u00faltimos a\u00f1os, sent\u00ed que faltaba algo muy importante en mi carrera y fue por eso que tambi\u00e9n me titul\u00e9 de un Magister en Gesti\u00f3n Ambiental y Sustentabilidad.<\/p>\n<p class=\"p1\">Actualmente trabajo como analista, soy presidenta del Comit\u00e9 de Administraci\u00f3n y me gusta mucho pasar tiempo con mi hija, leer, practicar el ukulele y cocinar.<\/p>\n<p class=\"p1\">Con mi familia tenemos un proyecto de vida en Padre Hurtado y pretendo que se convierta en una comuna m\u00e1s equitativa, sustentable y con espacio para todas, todos y todes.<\/p>\n<div dir=\"auto\"><\/div>\n","protected":false},"excerpt":{"rendered":"<p>Nombre Roc\u00edo L\u00f3pez C\u00e9spedes Edad 28 a\u00f1os Comuna Padre Hurtado Distrito 14 Cargo a postular Concejala Profesi\u00f3n u ocupaci\u00f3n Ingeniera Ejes de Campa\u00f1a PARTICIPACI\u00d3N CIUDADANA, TRANSPARENCIA, DESARROLLO COMUNAL Soy Roc\u00edo L\u00f3pez C\u00e9spedes, tengo 28 a\u00f1os y soy mam\u00e1 de una incre\u00edble hija de 12. Conozco Padre Hurtado desde muy peque\u00f1a porque ha sido el hogar<a href=\"https:\/\/convergenciasocialrm.cl\/sitio\/rociolopez\/\">[&#8230;]<\/a><\/p>\n","protected":false},"author":10,"featured_media":0,"parent":0,"menu_order":0,"comment_status":"closed","ping_status":"closed","template":"","meta":{"nf_dc_page":"","footnotes":""},"class_list":["post-428","page","type-page","status-publish","hentry"],"jetpack_sharing_enabled":true,"_links":{"self":[{"href":"https:\/\/convergenciasocialrm.cl\/sitio\/wp-json\/wp\/v2\/pages\/428","targetHints":{"allow":["GET"]}}],"collection":[{"href":"https:\/\/convergenciasocialrm.cl\/sitio\/wp-json\/wp\/v2\/pages"}],"about":[{"href":"https:\/\/convergenciasocialrm.cl\/sitio\/wp-json\/wp\/v2\/types\/page"}],"author":[{"embeddable":true,"href":"https:\/\/convergenciasocialrm.cl\/sitio\/wp-json\/wp\/v2\/users\/10"}],"replies":[{"embeddable":true,"href":"https:\/\/convergenciasocialrm.cl\/sitio\/wp-json\/wp\/v2\/comments?post=428"}],"version-history":[{"count":1,"href":"https:\/\/convergenciasocialrm.cl\/sitio\/wp-json\/wp\/v2\/pages\/428\/revisions"}],"predecessor-version":[{"id":429,"href":"https:\/\/convergenciasocialrm.cl\/sitio\/wp-json\/wp\/v2\/pages\/428\/revisions\/429"}],"wp:attachment":[{"href":"https:\/\/convergenciasocialrm.cl\/sitio\/wp-json\/wp\/v2\/media?parent=428"}],"curies":[{"name":"wp","href":"https:\/\/api.w.org\/{rel}","templated":true}]}}

Rocío López &#8211; Concejala Padre Hurtado

<p><img data-recalc-dims="1" decoding="async" class="aligncenter wp-image-288 lazyload" data-src="https://i0.wp.com/convergenciasocialrm.cl/sitio/wp-content/uploads/2021/01/cs_cand_rocio-lopez_concejales_padre-hurtado_logo.png?resize=639%2C426&#038;ssl=1" alt="" width="639" height="426" data-srcset="https://i0.wp.com/convergenciasocialrm.cl/sitio/wp-content/uploads/2021/01/cs_cand_rocio-lopez_concejales_padre-hurtado_logo.png?resize=300%2C200&amp;ssl=1 300w, https://i0.wp.com/convergenciasocialrm.cl/sitio/wp-content/uploads/2021/01/cs_cand_rocio-lopez_concejales_padre-hurtado_logo.png?resize=1024%2C682&amp;ssl=1 1024w, https://i0.wp.com/convergenciasocialrm.cl/sitio/wp-content/uploads/2021/01/cs_cand_rocio-lopez_concejales_padre-hurtado_logo.png?resize=768%2C512&amp;ssl=1 768w, https://i0.wp.com/convergenciasocialrm.cl/sitio/wp-content/uploads/2021/01/cs_cand_rocio-lopez_concejales_padre-hurtado_logo.png?resize=750%2C500&amp;ssl=1 750w, https://i0.wp.com/convergenciasocialrm.cl/sitio/wp-content/uploads/2021/01/cs_cand_rocio-lopez_concejales_padre-hurtado_logo.png?w=1211&amp;ssl=1 1211w" data-sizes="auto, (max-width: 639px) 100vw, 639px" src="data:image/svg+xml;base64,PHN2ZyB3aWR0aD0iMSIgaGVpZ2h0PSIxIiB4bWxucz0iaHR0cDovL3d3dy53My5vcmcvMjAwMC9zdmciPjwvc3ZnPg==" style="--smush-placeholder-width: 639px; --smush-placeholder-aspect-ratio: 639/426;" /></p>
<table style="border-collapse: collapse;width: 100%;height: 126px">
<tbody>
<tr style="height: 21px">
<td style="width: 17.5294%;height: 21px">Nombre</td>
<td style="width: 82.4706%;height: 21px">Rocío López Céspedes</td>
</tr>
<tr style="height: 21px">
<td style="width: 17.5294%;height: 21px">Edad</td>
<td style="width: 82.4706%;height: 21px">28 años</td>
</tr>
<tr style="height: 21px">
<td style="width: 17.5294%;height: 21px">Comuna</td>
<td style="width: 82.4706%;height: 21px">Padre Hurtado</td>
</tr>
<tr style="height: 21px">
<td style="width: 17.5294%;height: 21px">Distrito</td>
<td style="width: 82.4706%;height: 21px">14</td>
</tr>
<tr style="height: 21px">
<td style="width: 17.5294%;height: 21px">Cargo a postular</td>
<td style="width: 82.4706%;height: 21px">Concejala</td>
</tr>
<tr style="height: 21px">
<td style="width: 17.5294%;height: 21px">Profesión u ocupación</td>
<td style="width: 82.4706%;height: 21px">Ingeniera</td>
</tr>
<tr>
<td style="width: 17.5294%">Ejes de Campaña</td>
<td style="width: 82.4706%">PARTICIPACIÓN CIUDADANA, TRANSPARENCIA, DESARROLLO COMUNAL</td>
</tr>
</tbody>
</table>
<div dir="auto"></div>
<div dir="auto"></div>
<div dir="auto">
<table style="height: 30px;width: 100%;border-collapse: collapse">
<tbody>
<tr style="background-color: #00ffff">
<td style="width: 3.1111%;text-align: center"></td>
<td style="width: 8.2876%;text-align: center"><a href="https://www.instagram.com/rociolopez_concejalaph" target="_blank" rel="noopener"><img data-recalc-dims="1" decoding="async" class="alignnone wp-image-298 lazyload" data-src="https://i0.wp.com/convergenciasocialrm.cl/sitio/wp-content/uploads/2021/01/logo_instagram_transp-negro.png?resize=25%2C25&#038;ssl=1" alt="" width="25" height="25" data-srcset="https://i0.wp.com/convergenciasocialrm.cl/sitio/wp-content/uploads/2021/01/logo_instagram_transp-negro.png?resize=73%2C73&amp;ssl=1 73w, https://i0.wp.com/convergenciasocialrm.cl/sitio/wp-content/uploads/2021/01/logo_instagram_transp-negro.png?w=128&amp;ssl=1 128w" data-sizes="auto, (max-width: 25px) 100vw, 25px" src="data:image/svg+xml;base64,PHN2ZyB3aWR0aD0iMSIgaGVpZ2h0PSIxIiB4bWxucz0iaHR0cDovL3d3dy53My5vcmcvMjAwMC9zdmciPjwvc3ZnPg==" style="--smush-placeholder-width: 25px; --smush-placeholder-aspect-ratio: 25/25;" /></a></td>
<td style="width: 3.42487%;text-align: center"></td>
<td style="width: 9.15041%;text-align: center"><a href="https://twitter.com/rociolopez_ph" target="_blank" rel="noopener"><img data-recalc-dims="1" decoding="async" class="alignnone wp-image-299 lazyload" data-src="https://i0.wp.com/convergenciasocialrm.cl/sitio/wp-content/uploads/2021/01/logo_twitter_transp-negro.png?resize=25%2C25&#038;ssl=1" alt="" width="25" height="25" data-srcset="https://i0.wp.com/convergenciasocialrm.cl/sitio/wp-content/uploads/2021/01/logo_twitter_transp-negro.png?w=128&amp;ssl=1 128w, https://i0.wp.com/convergenciasocialrm.cl/sitio/wp-content/uploads/2021/01/logo_twitter_transp-negro.png?resize=73%2C73&amp;ssl=1 73w" data-sizes="auto, (max-width: 25px) 100vw, 25px" src="data:image/svg+xml;base64,PHN2ZyB3aWR0aD0iMSIgaGVpZ2h0PSIxIiB4bWxucz0iaHR0cDovL3d3dy53My5vcmcvMjAwMC9zdmciPjwvc3ZnPg==" style="--smush-placeholder-width: 25px; --smush-placeholder-aspect-ratio: 25/25;" /></a></td>
<td style="width: 3.66009%;text-align: center"></td>
<td style="width: 9.30721%;text-align: center"></td>
<td style="width: 2.64052%;text-align: center"></td>
<td style="width: 8.05224%;text-align: center"></td>
<td style="width: 52.366%;text-align: center"></td>
</tr>
</tbody>
</table>
<div dir="auto"></div>
<div dir="auto">Soy Rocío López Céspedes, tengo 28 años y soy mamá de una increíble hija de 12.</div>
</div>
<p dir="auto">Conozco Padre Hurtado desde muy pequeña porque ha sido el hogar de mis familiares y luego de también vivir años en la comuna, con mi pareja decidimos establecernos definitivamente y compramos una casa para vivir los tres junto con nuestro perrito.</p>
<p class="p1">Fui mamá adolescente, pero con el apoyo y el esfuerzo de mi mamá y papá, terminé la enseñanza media en el Liceo Nº7 de Providencia y entré a estudiar Ingeniería Civil Industrial. Cuando cursaba los últimos años, sentí que faltaba algo muy importante en mi carrera y fue por eso que también me titulé de un Magister en Gestión Ambiental y Sustentabilidad.</p>
<p class="p1">Actualmente trabajo como analista, soy presidenta del Comité de Administración y me gusta mucho pasar tiempo con mi hija, leer, practicar el ukulele y cocinar.</p>
<p class="p1">Con mi familia tenemos un proyecto de vida en Padre Hurtado y pretendo que se convierta en una comuna más equitativa, sustentable y con espacio para todas, todos y todes.</p>
<div dir="auto"></div>

<p>Nombre Rocío López Céspedes Edad 28 años Comuna Padre Hurtado Distrito 14 Cargo a postular Concejala Profesión u ocupación Ingeniera Ejes de Campaña PARTICIPACIÓN CIUDADANA, TRANSPARENCIA, DESARROLLO COMUNAL Soy Rocío López Céspedes, tengo 28 años y soy mamá de una increíble hija de 12. Conozco Padre Hurtado desde muy pequeña porque ha sido el hogar<a href="https://convergenciasocialrm.cl/sitio/rociolopez/">[&#8230;]</a></p>
